{"id":30,"date":"2026-03-03T00:11:45","date_gmt":"2026-03-03T05:11:45","guid":{"rendered":"https:\/\/decc.space\/?page_id=30"},"modified":"2026-03-06T07:44:58","modified_gmt":"2026-03-06T12:44:58","slug":"home","status":"publish","type":"page","link":"https:\/\/ecuapork.com.ec\/","title":{"rendered":"Inicio"},"content":{"rendered":"\t\t<div data-elementor-type=\"wp-page\" data-elementor-id=\"30\" class=\"elementor elementor-30\" data-elementor-post-type=\"page\">\n\t\t\t\t<div class=\"elementor-element elementor-element-af71254 e-con-full e-flex e-con e-parent\" data-id=\"af71254\" data-element_type=\"container\" data-e-type=\"container\" data-settings=\"{&quot;background_background&quot;:&quot;video&quot;,&quot;background_video_link&quot;:&quot;https:\\\/\\\/videos.pexels.com\\\/video-files\\\/35628148\\\/15098474_640_360_60fps.mp4&quot;,&quot;background_play_on_mobile&quot;:&quot;yes&quot;}\">\n\t\t<div class=\"elementor-background-video-container\">\n\t\t\t\t\t\t\t<video class=\"elementor-background-video-hosted\" role=\"presentation\" autoplay muted playsinline loop><\/video>\n\t\t\t\t\t<\/div><div class=\"elementor-element elementor-element-6bca09c e-con-full e-flex e-con e-child\" data-id=\"6bca09c\" data-element_type=\"container\" data-e-type=\"container\">\n\t\t\t\t<div class=\"elementor-element elementor-element-5953766 elementor-widget__width-initial elementor-widget elementor-widget-heading\" data-id=\"5953766\" data-element_type=\"widget\" data-e-type=\"widget\" data-widget_type=\"heading.default\">\n\t\t\t\t\t<h2 class=\"elementor-heading-title elementor-size-default\">GARANTIZAMOS UNA PRODUCCI\u00d3N PORCINA DE ALTA CALIDAD.<\/h2>\t\t\t\t<\/div>\n\t\t<div class=\"elementor-element elementor-element-8fcaa57 e-con-full e-flex e-con e-child\" data-id=\"8fcaa57\" data-element_type=\"container\" data-e-type=\"container\">\n\t\t\t\t<div class=\"elementor-element elementor-element-81413f3 elementor-widget elementor-widget-heading\" data-id=\"81413f3\" data-element_type=\"widget\" data-e-type=\"widget\" data-widget_type=\"heading.default\">\n\t\t\t\t\t<span class=\"elementor-heading-title elementor-size-default\">Desde hace m\u00e1s de 10 a\u00f1os, abasteciendo de manera responsable y sostenible al mercado ecuatoriano.<\/span>\t\t\t\t<\/div>\n\t\t\t\t<div class=\"elementor-element elementor-element-1631fbd elementor-align-left elementor-widget elementor-widget-button\" data-id=\"1631fbd\" data-element_type=\"widget\" data-e-type=\"widget\" data-widget_type=\"button.default\">\n\t\t\t\t\t\t\t\t\t\t<a class=\"elementor-button elementor-button-link elementor-size-sm\" href=\"https:\/\/ecuapork.com.ec\/?page_id=43\">\n\t\t\t\t\t\t<span class=\"elementor-button-content-wrapper\">\n\t\t\t\t\t\t\t\t\t<span class=\"elementor-button-text\">Cont\u00e1ctanos<\/span>\n\t\t\t\t\t<\/span>\n\t\t\t\t\t<\/a>\n\t\t\t\t\t\t\t\t<\/div>\n\t\t\t\t<\/div>\n\t\t\t\t<\/div>\n\t\t\t\t<\/div>\n\t\t<div class=\"elementor-element elementor-element-102c5a6 e-con-full e-flex e-con e-parent\" data-id=\"102c5a6\" data-element_type=\"container\" data-e-type=\"container\">\n\t\t<div class=\"elementor-element elementor-element-17586df e-con-full e-flex e-con e-child\" data-id=\"17586df\" data-element_type=\"container\" data-e-type=\"container\">\n\t\t\t\t<div class=\"elementor-element elementor-element-e8255c2 elementor-widget__width-initial elementor-invisible elementor-widget elementor-widget-heading\" data-id=\"e8255c2\" data-element_type=\"widget\" data-e-type=\"widget\" data-settings=\"{&quot;_animation&quot;:&quot;fadeInUp&quot;}\" data-widget_type=\"heading.default\">\n\t\t\t\t\t<h3 class=\"elementor-heading-title elementor-size-default\">Nuestra Misi\u00f3n<\/h3>\t\t\t\t<\/div>\n\t\t\t\t<div class=\"elementor-element elementor-element-847dbe5 elementor-invisible elementor-widget elementor-widget-heading\" data-id=\"847dbe5\" data-element_type=\"widget\" data-e-type=\"widget\" data-settings=\"{&quot;_animation&quot;:&quot;fadeInUp&quot;}\" data-widget_type=\"heading.default\">\n\t\t\t\t\t<p class=\"elementor-heading-title elementor-size-default\">Garantizar una producci\u00f3n porcina de alta calidad, de manera sostenible y rentable, cuidando cada etapa del proceso.<\/p>\t\t\t\t<\/div>\n\t\t\t\t<div class=\"elementor-element elementor-element-e21856d elementor-align-center elementor-widget elementor-widget-button\" data-id=\"e21856d\" data-element_type=\"widget\" data-e-type=\"widget\" data-widget_type=\"button.default\">\n\t\t\t\t\t\t\t\t\t\t<a class=\"elementor-button elementor-button-link elementor-size-sm\" href=\"https:\/\/ecuapork.com.ec\/?page_id=132\">\n\t\t\t\t\t\t<span class=\"elementor-button-content-wrapper\">\n\t\t\t\t\t\t\t\t\t<span class=\"elementor-button-text\">Conoce M\u00e1s<\/span>\n\t\t\t\t\t<\/span>\n\t\t\t\t\t<\/a>\n\t\t\t\t\t\t\t\t<\/div>\n\t\t\t\t<\/div>\n\t\t<div class=\"elementor-element elementor-element-6a1652a e-con-full e-flex elementor-invisible e-con e-child\" data-id=\"6a1652a\" data-element_type=\"container\" data-e-type=\"container\" data-settings=\"{&quot;animation&quot;:&quot;fadeInUp&quot;}\">\n\t\t\t\t<div class=\"elementor-element elementor-element-99d11c9 elementor-widget elementor-widget-video\" data-id=\"99d11c9\" data-element_type=\"widget\" data-e-type=\"widget\" data-settings=\"{&quot;youtube_url&quot;:&quot;https:\\\/\\\/www.youtube.com\\\/embed\\\/xFdVbKSfuzk?h=null&amp;playlist=xFdVbKSfuzk&amp;autoplay=0&amp;controls=1&amp;loop=0&amp;autopause=0&amp;playsinline=1&amp;mute=0&quot;,&quot;video_type&quot;:&quot;youtube&quot;,&quot;controls&quot;:&quot;yes&quot;}\" data-widget_type=\"video.default\">\n\t\t\t\t\t\t\t<div class=\"elementor-wrapper elementor-open-inline\">\n\t\t\t<div class=\"elementor-video\"><\/div>\t\t<\/div>\n\t\t\t\t\t\t<\/div>\n\t\t\t\t<\/div>\n\t\t\t\t<\/div>\n\t\t<div class=\"elementor-element elementor-element-3005362 e-flex e-con-boxed elementor-invisible e-con e-parent\" data-id=\"3005362\" data-element_type=\"container\" data-e-type=\"container\" data-settings=\"{&quot;background_background&quot;:&quot;classic&quot;,&quot;animation&quot;:&quot;fadeInUp&quot;}\">\n\t\t\t\t\t<div class=\"e-con-inner\">\n\t\t<div class=\"elementor-element elementor-element-4329d49 e-con-full e-flex e-con e-child\" data-id=\"4329d49\" data-element_type=\"container\" data-e-type=\"container\">\n\t\t\t\t<div class=\"elementor-element elementor-element-2c753df elementor-invisible elementor-widget elementor-widget-heading\" data-id=\"2c753df\" data-element_type=\"widget\" data-e-type=\"widget\" data-settings=\"{&quot;_animation&quot;:&quot;fadeInUp&quot;}\" data-widget_type=\"heading.default\">\n\t\t\t\t\t<h2 class=\"elementor-heading-title elementor-size-default\">Producci\u00f3n<\/h2>\t\t\t\t<\/div>\n\t\t\t\t<\/div>\n\t\t<div class=\"elementor-element elementor-element-e79d036 e-con-full e-flex e-con e-child\" data-id=\"e79d036\" data-element_type=\"container\" data-e-type=\"container\">\n\t\t\t\t<div class=\"elementor-element elementor-element-fbc76aa elementor-invisible elementor-widget elementor-widget-heading\" data-id=\"fbc76aa\" data-element_type=\"widget\" data-e-type=\"widget\" data-settings=\"{&quot;_animation&quot;:&quot;fadeInUp&quot;}\" data-widget_type=\"heading.default\">\n\t\t\t\t\t<h5 class=\"elementor-heading-title elementor-size-default\">Nuestra experiencia y compromiso con la producci\u00f3n responsable y el cumplimiento de est\u00e1ndares sanitarios nos ha consolidado como un socio confiable en el sector.<\/h5>\t\t\t\t<\/div>\n\t\t\t\t<\/div>\n\t\t<div class=\"elementor-element elementor-element-460b513 e-grid e-con-full e-con e-child\" data-id=\"460b513\" data-element_type=\"container\" data-e-type=\"container\">\n\t\t\t\t<div class=\"elementor-element elementor-element-99e2126 elementor-widget__width-initial elementor-position-top elementor-invisible elementor-widget elementor-widget-image-box\" data-id=\"99e2126\" data-element_type=\"widget\" data-e-type=\"widget\" data-settings=\"{&quot;_animation&quot;:&quot;fadeInUp&quot;}\" data-widget_type=\"image-box.default\">\n\t\t\t\t\t<div class=\"elementor-image-box-wrapper\"><figure class=\"elementor-image-box-img\"><img fetchpriority=\"high\" decoding=\"async\" width=\"1440\" height=\"1107\" src=\"https:\/\/ecuapork.com.ec\/wp-content\/uploads\/2026\/03\/rdc00601-mePgDPXNZMTKG5aq.jpg\" class=\"attachment-full size-full wp-image-190\" alt=\"\" srcset=\"https:\/\/ecuapork.com.ec\/wp-content\/uploads\/2026\/03\/rdc00601-mePgDPXNZMTKG5aq.jpg 1440w, https:\/\/ecuapork.com.ec\/wp-content\/uploads\/2026\/03\/rdc00601-mePgDPXNZMTKG5aq-300x231.jpg 300w, https:\/\/ecuapork.com.ec\/wp-content\/uploads\/2026\/03\/rdc00601-mePgDPXNZMTKG5aq-1024x787.jpg 1024w, https:\/\/ecuapork.com.ec\/wp-content\/uploads\/2026\/03\/rdc00601-mePgDPXNZMTKG5aq-768x590.jpg 768w\" sizes=\"(max-width: 1440px) 100vw, 1440px\" \/><\/figure><div class=\"elementor-image-box-content\"><p class=\"elementor-image-box-title\">CORTES DE CERDO<\/p><p class=\"elementor-image-box-description\">Ofrecemos una amplia variedad de cortes de cerdo fresco y congelado de alta calidad: chuletas, costillas, matambre, piernas y brazos (con o sin hueso), medio cerdo, osobuco y lomo. Cada corte conserva la calidad que tu negocio necesita.\n\n\n<\/p><\/div><\/div>\t\t\t\t<\/div>\n\t\t\t\t<div class=\"elementor-element elementor-element-1baa270 elementor-widget__width-initial elementor-position-top elementor-invisible elementor-widget elementor-widget-image-box\" data-id=\"1baa270\" data-element_type=\"widget\" data-e-type=\"widget\" data-settings=\"{&quot;_animation&quot;:&quot;fadeInUp&quot;}\" data-widget_type=\"image-box.default\">\n\t\t\t\t\t<div class=\"elementor-image-box-wrapper\"><figure class=\"elementor-image-box-img\"><img decoding=\"async\" width=\"1440\" height=\"1159\" src=\"https:\/\/ecuapork.com.ec\/wp-content\/uploads\/2026\/03\/camborough-02-9arGgGvBY32rg5cq.jpg\" class=\"attachment-full size-full wp-image-188\" alt=\"\" srcset=\"https:\/\/ecuapork.com.ec\/wp-content\/uploads\/2026\/03\/camborough-02-9arGgGvBY32rg5cq.jpg 1440w, https:\/\/ecuapork.com.ec\/wp-content\/uploads\/2026\/03\/camborough-02-9arGgGvBY32rg5cq-300x241.jpg 300w, https:\/\/ecuapork.com.ec\/wp-content\/uploads\/2026\/03\/camborough-02-9arGgGvBY32rg5cq-1024x824.jpg 1024w, https:\/\/ecuapork.com.ec\/wp-content\/uploads\/2026\/03\/camborough-02-9arGgGvBY32rg5cq-768x618.jpg 768w\" sizes=\"(max-width: 1440px) 100vw, 1440px\" \/><\/figure><div class=\"elementor-image-box-content\"><p class=\"elementor-image-box-title\">VENTA DE REPRODUCTORAS Y REPRODUCTORES<\/p><p class=\"elementor-image-box-description\">Somos distribuidores oficiales en Ecuador de Gen\u00e9tica PIC. Proveemos hembras Camborough y l\u00edneas maternales de alto desempe\u00f1o, junto con machos de las l\u00edneas 337, L03 y L02, reconocidos por su eficiencia y productividad superior en la producci\u00f3n porcina.\n\n<\/p><\/div><\/div>\t\t\t\t<\/div>\n\t\t\t\t<div class=\"elementor-element elementor-element-2ceb34d elementor-widget__width-initial elementor-position-top elementor-invisible elementor-widget elementor-widget-image-box\" data-id=\"2ceb34d\" data-element_type=\"widget\" data-e-type=\"widget\" data-settings=\"{&quot;_animation&quot;:&quot;fadeInUp&quot;}\" data-widget_type=\"image-box.default\">\n\t\t\t\t\t<div class=\"elementor-image-box-wrapper\"><figure class=\"elementor-image-box-img\"><img decoding=\"async\" width=\"1440\" height=\"1159\" src=\"https:\/\/ecuapork.com.ec\/wp-content\/uploads\/2026\/03\/pic-337-01-XqACAGfAHEtmexGJ.jpg\" class=\"attachment-full size-full wp-image-189\" alt=\"\" srcset=\"https:\/\/ecuapork.com.ec\/wp-content\/uploads\/2026\/03\/pic-337-01-XqACAGfAHEtmexGJ.jpg 1440w, https:\/\/ecuapork.com.ec\/wp-content\/uploads\/2026\/03\/pic-337-01-XqACAGfAHEtmexGJ-300x241.jpg 300w, https:\/\/ecuapork.com.ec\/wp-content\/uploads\/2026\/03\/pic-337-01-XqACAGfAHEtmexGJ-1024x824.jpg 1024w, https:\/\/ecuapork.com.ec\/wp-content\/uploads\/2026\/03\/pic-337-01-XqACAGfAHEtmexGJ-768x618.jpg 768w\" sizes=\"(max-width: 1440px) 100vw, 1440px\" \/><\/figure><div class=\"elementor-image-box-content\"><p class=\"elementor-image-box-title\">GEN\u00c9TICA L\u00cdQUIDA<\/p><p class=\"elementor-image-box-description\">Comercializamos dosis seminales de los machos 337, L03 y L02, el est\u00e1ndar de referencia en gen\u00e9tica porcina a nivel mundial. Esta gen\u00e9tica l\u00edder maximiza la rentabilidad en toda la cadena productiva, asegurando m\u00e1s cerdos uniformes, eficientes y de mejor calidad.\n\n<\/p><\/div><\/div>\t\t\t\t<\/div>\n\t\t\t\t<\/div>\n\t\t\t\t\t<\/div>\n\t\t\t\t<\/div>\n\t\t<div class=\"elementor-element elementor-element-f4f5975 e-flex e-con-boxed e-con e-parent\" data-id=\"f4f5975\" data-element_type=\"container\" data-e-type=\"container\">\n\t\t\t\t\t<div class=\"e-con-inner\">\n\t\t<div class=\"elementor-element elementor-element-a0791c6 e-con-full e-flex e-con e-child\" data-id=\"a0791c6\" data-element_type=\"container\" data-e-type=\"container\">\n\t\t\t\t<div class=\"elementor-element elementor-element-2e76544 elementor-invisible elementor-widget elementor-widget-heading\" data-id=\"2e76544\" data-element_type=\"widget\" data-e-type=\"widget\" data-settings=\"{&quot;_animation&quot;:&quot;fadeInUp&quot;}\" data-widget_type=\"heading.default\">\n\t\t\t\t\t<h2 class=\"elementor-heading-title elementor-size-default\">Galer\u00eda<\/h2>\t\t\t\t<\/div>\n\t\t\t\t<div class=\"elementor-element elementor-element-2ee628d elementor-invisible elementor-widget elementor-widget-text-editor\" data-id=\"2ee628d\" data-element_type=\"widget\" data-e-type=\"widget\" data-settings=\"{&quot;_animation&quot;:&quot;fadeInUp&quot;}\" data-widget_type=\"text-editor.default\">\n\t\t\t\t\t\t\t\t\t<p>Descubre nuestra pasi\u00f3n por la producci\u00f3n porcina.<\/p>\t\t\t\t\t\t\t\t<\/div>\n\t\t\t\t<\/div>\n\t\t\t\t<div class=\"elementor-element elementor-element-7bd4e25 elementor-invisible elementor-widget elementor-widget-gallery\" data-id=\"7bd4e25\" data-element_type=\"widget\" data-e-type=\"widget\" data-settings=\"{&quot;columns&quot;:3,&quot;_animation&quot;:&quot;fadeInUp&quot;,&quot;lazyload&quot;:&quot;yes&quot;,&quot;gallery_layout&quot;:&quot;grid&quot;,&quot;columns_tablet&quot;:2,&quot;columns_mobile&quot;:1,&quot;gap&quot;:{&quot;unit&quot;:&quot;px&quot;,&quot;size&quot;:10,&quot;sizes&quot;:[]},&quot;gap_tablet&quot;:{&quot;unit&quot;:&quot;px&quot;,&quot;size&quot;:10,&quot;sizes&quot;:[]},&quot;gap_mobile&quot;:{&quot;unit&quot;:&quot;px&quot;,&quot;size&quot;:10,&quot;sizes&quot;:[]},&quot;link_to&quot;:&quot;file&quot;,&quot;aspect_ratio&quot;:&quot;3:2&quot;,&quot;overlay_background&quot;:&quot;yes&quot;,&quot;content_hover_animation&quot;:&quot;fade-in&quot;}\" data-widget_type=\"gallery.default\">\n\t\t\t\t\t\t\t<div class=\"elementor-gallery__container\">\n\t\t\t\t\t\t\t<a class=\"e-gallery-item elementor-gallery-item elementor-animated-content\" href=\"https:\/\/ecuapork.com.ec\/wp-content\/uploads\/2026\/03\/rdc00442-AE0780x9k7f4LyaB-scaled.jpg\" data-elementor-open-lightbox=\"yes\" data-elementor-lightbox-slideshow=\"7bd4e25\" data-elementor-lightbox-title=\"rdc00442-AE0780x9k7f4LyaB\" data-e-action-hash=\"#elementor-action%3Aaction%3Dlightbox%26settings%3DeyJpZCI6MTc4LCJ1cmwiOiJodHRwczpcL1wvZWN1YXBvcmsuY29tLmVjXC93cC1jb250ZW50XC91cGxvYWRzXC8yMDI2XC8wM1wvcmRjMDA0NDItQUUwNzgweDlrN2Y0THlhQi1zY2FsZWQuanBnIiwic2xpZGVzaG93IjoiN2JkNGUyNSJ9\">\n\t\t\t\t\t<div class=\"e-gallery-image elementor-gallery-item__image\" data-thumbnail=\"https:\/\/ecuapork.com.ec\/wp-content\/uploads\/2026\/03\/rdc00442-AE0780x9k7f4LyaB-300x169.jpg\" data-width=\"300\" data-height=\"169\" aria-label=\"\" role=\"img\" ><\/div>\n\t\t\t\t\t\t\t\t\t\t\t<div class=\"elementor-gallery-item__overlay\"><\/div>\n\t\t\t\t\t\t\t\t\t\t\t\t\t\t<\/a>\n\t\t\t\t\t\t\t<a class=\"e-gallery-item elementor-gallery-item elementor-animated-content\" href=\"https:\/\/ecuapork.com.ec\/wp-content\/uploads\/2026\/03\/rdc00232-Y4LPjLbgD3hOPL2N-scaled.jpg\" data-elementor-open-lightbox=\"yes\" data-elementor-lightbox-slideshow=\"7bd4e25\" data-elementor-lightbox-title=\"rdc00232-Y4LPjLbgD3hOPL2N\" data-e-action-hash=\"#elementor-action%3Aaction%3Dlightbox%26settings%3DeyJpZCI6MTc3LCJ1cmwiOiJodHRwczpcL1wvZWN1YXBvcmsuY29tLmVjXC93cC1jb250ZW50XC91cGxvYWRzXC8yMDI2XC8wM1wvcmRjMDAyMzItWTRMUGpMYmdEM2hPUEwyTi1zY2FsZWQuanBnIiwic2xpZGVzaG93IjoiN2JkNGUyNSJ9\">\n\t\t\t\t\t<div class=\"e-gallery-image elementor-gallery-item__image\" data-thumbnail=\"https:\/\/ecuapork.com.ec\/wp-content\/uploads\/2026\/03\/rdc00232-Y4LPjLbgD3hOPL2N-300x169.jpg\" data-width=\"300\" data-height=\"169\" aria-label=\"\" role=\"img\" ><\/div>\n\t\t\t\t\t\t\t\t\t\t\t<div class=\"elementor-gallery-item__overlay\"><\/div>\n\t\t\t\t\t\t\t\t\t\t\t\t\t\t<\/a>\n\t\t\t\t\t\t\t<a class=\"e-gallery-item elementor-gallery-item elementor-animated-content\" href=\"https:\/\/ecuapork.com.ec\/wp-content\/uploads\/2026\/03\/rdc00184-mv0Pn0aXkbuazDo6-scaled.jpg\" data-elementor-open-lightbox=\"yes\" data-elementor-lightbox-slideshow=\"7bd4e25\" data-elementor-lightbox-title=\"rdc00184-mv0Pn0aXkbuazDo6\" data-e-action-hash=\"#elementor-action%3Aaction%3Dlightbox%26settings%3DeyJpZCI6MTc2LCJ1cmwiOiJodHRwczpcL1wvZWN1YXBvcmsuY29tLmVjXC93cC1jb250ZW50XC91cGxvYWRzXC8yMDI2XC8wM1wvcmRjMDAxODQtbXYwUG4wYVhrYnVhekRvNi1zY2FsZWQuanBnIiwic2xpZGVzaG93IjoiN2JkNGUyNSJ9\">\n\t\t\t\t\t<div class=\"e-gallery-image elementor-gallery-item__image\" data-thumbnail=\"https:\/\/ecuapork.com.ec\/wp-content\/uploads\/2026\/03\/rdc00184-mv0Pn0aXkbuazDo6-300x169.jpg\" data-width=\"300\" data-height=\"169\" aria-label=\"\" role=\"img\" ><\/div>\n\t\t\t\t\t\t\t\t\t\t\t<div class=\"elementor-gallery-item__overlay\"><\/div>\n\t\t\t\t\t\t\t\t\t\t\t\t\t\t<\/a>\n\t\t\t\t\t\t\t<a class=\"e-gallery-item elementor-gallery-item elementor-animated-content\" href=\"https:\/\/ecuapork.com.ec\/wp-content\/uploads\/2026\/03\/rdc00550-d95Zz56rJRS4NE86.jpg\" data-elementor-open-lightbox=\"yes\" data-elementor-lightbox-slideshow=\"7bd4e25\" data-elementor-lightbox-title=\"rdc00550-d95Zz56rJRS4NE86\" data-e-action-hash=\"#elementor-action%3Aaction%3Dlightbox%26settings%3DeyJpZCI6MTgwLCJ1cmwiOiJodHRwczpcL1wvZWN1YXBvcmsuY29tLmVjXC93cC1jb250ZW50XC91cGxvYWRzXC8yMDI2XC8wM1wvcmRjMDA1NTAtZDk1Wno1NnJKUlM0TkU4Ni5qcGciLCJzbGlkZXNob3ciOiI3YmQ0ZTI1In0%3D\">\n\t\t\t\t\t<div class=\"e-gallery-image elementor-gallery-item__image\" data-thumbnail=\"https:\/\/ecuapork.com.ec\/wp-content\/uploads\/2026\/03\/rdc00550-d95Zz56rJRS4NE86-300x293.jpg\" data-width=\"300\" data-height=\"293\" aria-label=\"\" role=\"img\" ><\/div>\n\t\t\t\t\t\t\t\t\t\t\t<div class=\"elementor-gallery-item__overlay\"><\/div>\n\t\t\t\t\t\t\t\t\t\t\t\t\t\t<\/a>\n\t\t\t\t\t\t\t<a class=\"e-gallery-item elementor-gallery-item elementor-animated-content\" href=\"https:\/\/ecuapork.com.ec\/wp-content\/uploads\/2026\/03\/rdc00522-A85Mv5yp8eSB507a.jpg\" data-elementor-open-lightbox=\"yes\" data-elementor-lightbox-slideshow=\"7bd4e25\" data-elementor-lightbox-title=\"rdc00522-A85Mv5yp8eSB507a\" data-e-action-hash=\"#elementor-action%3Aaction%3Dlightbox%26settings%3DeyJpZCI6MTc5LCJ1cmwiOiJodHRwczpcL1wvZWN1YXBvcmsuY29tLmVjXC93cC1jb250ZW50XC91cGxvYWRzXC8yMDI2XC8wM1wvcmRjMDA1MjItQTg1TXY1eXA4ZVNCNTA3YS5qcGciLCJzbGlkZXNob3ciOiI3YmQ0ZTI1In0%3D\">\n\t\t\t\t\t<div class=\"e-gallery-image elementor-gallery-item__image\" data-thumbnail=\"https:\/\/ecuapork.com.ec\/wp-content\/uploads\/2026\/03\/rdc00522-A85Mv5yp8eSB507a-300x293.jpg\" data-width=\"300\" data-height=\"293\" aria-label=\"\" role=\"img\" ><\/div>\n\t\t\t\t\t\t\t\t\t\t\t<div class=\"elementor-gallery-item__overlay\"><\/div>\n\t\t\t\t\t\t\t\t\t\t\t\t\t\t<\/a>\n\t\t\t\t\t\t\t<a class=\"e-gallery-item elementor-gallery-item elementor-animated-content\" href=\"https:\/\/ecuapork.com.ec\/wp-content\/uploads\/2026\/03\/rdc00601-mePgDPXNZMTKG5aq.jpg\" data-elementor-open-lightbox=\"yes\" data-elementor-lightbox-slideshow=\"7bd4e25\" data-elementor-lightbox-title=\"rdc00601-mePgDPXNZMTKG5aq\" data-e-action-hash=\"#elementor-action%3Aaction%3Dlightbox%26settings%3DeyJpZCI6MTkwLCJ1cmwiOiJodHRwczpcL1wvZWN1YXBvcmsuY29tLmVjXC93cC1jb250ZW50XC91cGxvYWRzXC8yMDI2XC8wM1wvcmRjMDA2MDEtbWVQZ0RQWE5aTVRLRzVhcS5qcGciLCJzbGlkZXNob3ciOiI3YmQ0ZTI1In0%3D\">\n\t\t\t\t\t<div class=\"e-gallery-image elementor-gallery-item__image\" data-thumbnail=\"https:\/\/ecuapork.com.ec\/wp-content\/uploads\/2026\/03\/rdc00601-mePgDPXNZMTKG5aq-300x231.jpg\" data-width=\"300\" data-height=\"231\" aria-label=\"\" role=\"img\" ><\/div>\n\t\t\t\t\t\t\t\t\t\t\t<div class=\"elementor-gallery-item__overlay\"><\/div>\n\t\t\t\t\t\t\t\t\t\t\t\t\t\t<\/a>\n\t\t\t\t\t<\/div>\n\t\t\t\t\t<\/div>\n\t\t\t\t\t<\/div>\n\t\t\t\t<\/div>\n\t\t\t\t<\/div>\n\t\t","protected":false},"excerpt":{"rendered":"<p>GARANTIZAMOS UNA PRODUCCI\u00d3N PORCINA DE ALTA CALIDAD. Desde hace m\u00e1s de 10 a\u00f1os, abasteciendo de manera responsable y sostenible al mercado ecuatoriano. Cont\u00e1ctanos Nuestra Misi\u00f3n [&hellip;]<\/p>\n","protected":false},"author":1,"featured_media":0,"parent":0,"menu_order":0,"comment_status":"closed","ping_status":"closed","template":"front-page.php","meta":{"inline_featured_image":false,"footnotes":""},"class_list":["post-30","page","type-page","status-publish","hentry"],"_links":{"self":[{"href":"https:\/\/ecuapork.com.ec\/index.php?rest_route=\/wp\/v2\/pages\/30","targetHints":{"allow":["GET"]}}],"collection":[{"href":"https:\/\/ecuapork.com.ec\/index.php?rest_route=\/wp\/v2\/pages"}],"about":[{"href":"https:\/\/ecuapork.com.ec\/index.php?rest_route=\/wp\/v2\/types\/page"}],"author":[{"embeddable":true,"href":"https:\/\/ecuapork.com.ec\/index.php?rest_route=\/wp\/v2\/users\/1"}],"replies":[{"embeddable":true,"href":"https:\/\/ecuapork.com.ec\/index.php?rest_route=%2Fwp%2Fv2%2Fcomments&post=30"}],"version-history":[{"count":203,"href":"https:\/\/ecuapork.com.ec\/index.php?rest_route=\/wp\/v2\/pages\/30\/revisions"}],"predecessor-version":[{"id":470,"href":"https:\/\/ecuapork.com.ec\/index.php?rest_route=\/wp\/v2\/pages\/30\/revisions\/470"}],"wp:attachment":[{"href":"https:\/\/ecuapork.com.ec\/index.php?rest_route=%2Fwp%2Fv2%2Fmedia&parent=30"}],"curies":[{"name":"wp","href":"https:\/\/api.w.org\/{rel}","templated":true}]}}