{"id":45,"date":"2026-03-03T13:17:16","date_gmt":"2026-03-03T18:17:16","guid":{"rendered":"https:\/\/decc.space\/?page_id=45"},"modified":"2026-03-06T09:19:42","modified_gmt":"2026-03-06T14:19:42","slug":"politica-de-privacidad","status":"publish","type":"page","link":"https:\/\/ecuapork.com.ec\/?page_id=45","title":{"rendered":"Pol\u00edtica de Privacidad"},"content":{"rendered":"\t\t<div data-elementor-type=\"wp-page\" data-elementor-id=\"45\" class=\"elementor elementor-45\" data-elementor-post-type=\"page\">\n\t\t\t\t<div class=\"elementor-element elementor-element-e6d4fda e-flex e-con-boxed e-con e-parent\" data-id=\"e6d4fda\" data-element_type=\"container\" data-e-type=\"container\">\n\t\t\t\t\t<div class=\"e-con-inner\">\n\t\t\t\t<div class=\"elementor-element elementor-element-6fac501 elementor-widget elementor-widget-text-editor\" data-id=\"6fac501\" data-element_type=\"widget\" data-e-type=\"widget\" data-widget_type=\"text-editor.default\">\n\t\t\t\t\t\t\t\t\t<h3 dir=\"auto\">Pol\u00edtica de Privacidad<\/h3><p class=\"body\" dir=\"auto\">En Ecuapork, nos comprometemos a proteger la privacidad de nuestros usuarios, clientes y visitantes. Esta Pol\u00edtica de Privacidad describe c\u00f3mo recopilamos, usamos, divulgamos y protegemos la informaci\u00f3n personal que obtenemos a trav\u00e9s de nuestro sitio web y nuestros servicios de consultor\u00eda ambiental.<\/p><p class=\"body\" dir=\"auto\"><strong>Informaci\u00f3n que Recopilamos<\/strong><\/p><p class=\"body\" dir=\"auto\">Podemos recopilar los siguientes tipos de informaci\u00f3n:<\/p><p class=\"body\" dir=\"auto\">\u00b7 <strong>Datos de contacto<\/strong>: nombre, correo electr\u00f3nico, n\u00famero de tel\u00e9fono, empresa, cargo.<\/p><p class=\"body\" dir=\"auto\">\u00b7 <strong>Informaci\u00f3n de navegaci\u00f3n<\/strong>: direcci\u00f3n IP, tipo de navegador, p\u00e1ginas visitadas, tiempo de permanencia.<\/p><p class=\"body\" dir=\"auto\">\u00b7 <strong>Informaci\u00f3n proporcionada voluntariamente<\/strong>: mensajes enviados a trav\u00e9s de formularios, encuestas o correos electr\u00f3nicos.<\/p><p class=\"body\" dir=\"auto\">\u00b7 <strong>Datos t\u00e9cnicos y ambientales<\/strong>: en el contexto de nuestros servicios, para proceder con cotizaciones y asesor\u00edas, podemos recopilar informaci\u00f3n como: documentos habilitantes de la empresa, permisos ambientales, planes de manejo ambiental, sistemas de gesti\u00f3n, diagramas de flujos de procesos productivos, evidencia de consumos de energ\u00eda, consumos de combustible, entre otros.<\/p><p class=\"body\" dir=\"auto\"><strong>Uso de la Informaci\u00f3n<\/strong><\/p><p class=\"body\" dir=\"auto\">Utilizamos la informaci\u00f3n recopilada para:<\/p><p class=\"body\" dir=\"auto\">\u00b7 Proveer y mejorar nuestros servicios de consultor\u00eda ambiental.<\/p><p class=\"body\" dir=\"auto\">\u00b7 Personalizar la experiencia del usuario en nuestro sitio web.<\/p><p class=\"body\" dir=\"auto\">\u00b7 Enviar comunicaciones relevantes sobre nuestros servicios, eventos o actualizaciones.<\/p><p class=\"body\" dir=\"auto\">\u00b7 Cumplir con obligaciones legales y regulatorias.<\/p><p class=\"body\" dir=\"auto\">\u00b7 Realizar an\u00e1lisis internos para mejorar la sostenibilidad de nuestras operaciones.<\/p><p class=\"body\" dir=\"auto\"><strong>Divulgaci\u00f3n de la Informaci\u00f3n<\/strong><\/p><p class=\"body\" dir=\"auto\">No compartimos informaci\u00f3n personal con terceros, excepto en los siguientes casos:<\/p><p class=\"body\" dir=\"auto\">\u00b7 Con proveedores de servicios o socios estrat\u00e9gicos que colaboran con nosotros en la prestaci\u00f3n de nuestros servicios.<\/p><p class=\"body\" dir=\"auto\">\u00b7 Cuando sea requerido por ley, regulaci\u00f3n o proceso legal, principalmente, al presentar documentaci\u00f3n para adquirir las licencias, permisos y certificaciones en favor de nuestros clientes.<\/p><p class=\"body\" dir=\"auto\">\u00b7 En caso de fusi\u00f3n, adquisici\u00f3n o reestructuraci\u00f3n de la empresa, con las debidas garant\u00edas de confidencialidad.<\/p><p class=\"body\" dir=\"auto\"><strong>Retenci\u00f3n de Datos<\/strong><\/p><p class=\"body\" dir=\"auto\">Conservamos la informaci\u00f3n personal s\u00f3lo durante el tiempo necesario para cumplir con los fines descritos en esta pol\u00edtica, o seg\u00fan lo exijan las leyes aplicables. Una vez cumplido ese plazo, la informaci\u00f3n ser\u00e1 eliminada o anonimizada de forma segura.<\/p><p class=\"body\" dir=\"auto\"><strong>Cookies y Tecnolog\u00edas Similares<\/strong><\/p><p class=\"body\" dir=\"auto\">Nuestro sitio web utiliza cookies para mejorar la experiencia del usuario. Estas cookies pueden recopilar informaci\u00f3n sobre navegaci\u00f3n, preferencias y comportamiento. Usted podr\u00e1 configurar su navegador para rechazar o eliminar cookies, aunque esto podr\u00eda afectar el funcionamiento del sitio.<\/p><p class=\"body\" dir=\"auto\"><strong>Seguridad de la Informaci\u00f3n<\/strong><\/p><p class=\"body\" dir=\"auto\">Aunque ning\u00fan sistema es completamente seguro, mantenemos actualizado nuestro software y nuestros servidores. Implementamos medidas t\u00e9cnicas y organizativas para proteger la informaci\u00f3n personal contra accesos no autorizados, p\u00e9rdida, alteraci\u00f3n o divulgaci\u00f3n. Le recomendamos acceder al sitio web usando navegadores confiables sin extensiones de terceros que se puedan considerar no confiables, tomando as\u00ed, las respectivas precauciones al compartir informaci\u00f3n sensible.<\/p><p class=\"body\" dir=\"auto\"><strong>Modificaciones a la Pol\u00edtica de Privacidad<\/strong><\/p><p class=\"body\" dir=\"auto\">Nos reservamos el derecho de actualizar esta pol\u00edtica en cualquier momento. En el caso de realizarse modificaciones a esta pol\u00edtica, las modificaciones ser\u00e1n publicadas en esta misma p\u00e1gina con la fecha de la \u00faltima actualizaci\u00f3n. Recomendamos revisar peri\u00f3dicamente esta secci\u00f3n para estar informado sobre c\u00f3mo protegemos tu informaci\u00f3n.<\/p>\t\t\t\t\t\t\t\t<\/div>\n\t\t\t\t\t<\/div>\n\t\t\t\t<\/div>\n\t\t\t\t<\/div>\n\t\t","protected":false},"excerpt":{"rendered":"<p>Pol\u00edtica de Privacidad En Ecuapork, nos comprometemos a proteger la privacidad de nuestros usuarios, clientes y visitantes. Esta Pol\u00edtica de Privacidad describe c\u00f3mo recopilamos, usamos, [&hellip;]<\/p>\n","protected":false},"author":1,"featured_media":0,"parent":0,"menu_order":0,"comment_status":"closed","ping_status":"closed","template":"","meta":{"inline_featured_image":false,"footnotes":""},"class_list":["post-45","page","type-page","status-publish","hentry"],"_links":{"self":[{"href":"https:\/\/ecuapork.com.ec\/index.php?rest_route=\/wp\/v2\/pages\/45","targetHints":{"allow":["GET"]}}],"collection":[{"href":"https:\/\/ecuapork.com.ec\/index.php?rest_route=\/wp\/v2\/pages"}],"about":[{"href":"https:\/\/ecuapork.com.ec\/index.php?rest_route=\/wp\/v2\/types\/page"}],"author":[{"embeddable":true,"href":"https:\/\/ecuapork.com.ec\/index.php?rest_route=\/wp\/v2\/users\/1"}],"replies":[{"embeddable":true,"href":"https:\/\/ecuapork.com.ec\/index.php?rest_route=%2Fwp%2Fv2%2Fcomments&post=45"}],"version-history":[{"count":4,"href":"https:\/\/ecuapork.com.ec\/index.php?rest_route=\/wp\/v2\/pages\/45\/revisions"}],"predecessor-version":[{"id":530,"href":"https:\/\/ecuapork.com.ec\/index.php?rest_route=\/wp\/v2\/pages\/45\/revisions\/530"}],"wp:attachment":[{"href":"https:\/\/ecuapork.com.ec\/index.php?rest_route=%2Fwp%2Fv2%2Fmedia&parent=45"}],"curies":[{"name":"wp","href":"https:\/\/api.w.org\/{rel}","templated":true}]}}